
Let w(z) = -z**2 + 20*z + 15. Determine w(15).
90
Let l(x) = x**3 - 13*x**2 - 12*x + 24. Determine l(13).
-132
Let a(x) = -x**2 - 339*x - 23480. Give a(-242).
-6
Let s(g) = 25*g**2 - 3026*g + 119. Determine s(121).
-2
Let k(y) = -286*y - 1143. Give k(-4).
1
Let m(v) = 2*v**2 + 34*v + 95. What is m(-12)?
-25
Let v(u) = 4*u**3 + 169*u**2 - 105*u + 1037. Calculate v(-43).
5
Let j(d) = -3*d**3 - 30*d**2 + 4*d + 35. What is j(-10)?
-5
Let z(o) = -o**2 - 20*o - 39. Determine z(-2).
-3
Let s(b) = b**2 - 24*b - 377. Determine s(35).
8
Let c(b) = -187*b + 6551. Give c(35).
6
Let o(j) = j**3 + 14*j**2 + 27*j + 18. Determine o(-12).
-18
Let r(l) = l**3 - 3*l**2 + 5*l - 3. What is r(1)?
0
Let t(n) = -58*n - 1264. What is t(-23)?
70
Let f(b) = -b**2 - 153*b + 6799. Calculate f(36).
-5
Let y(x) = 16*x**2 + 459*x - 2896. What is y(-34)?
-6
Let p(j) = 7*j**2 + 78*j + 69. Calculate p(-10).
-11
Let v(l) = -2*l**2 + 57*l - 412. Give v(13).
-9
Let s(j) = 2*j**3 + 16*j**2 - 5*j - 34. What is s(-8)?
6
Let y(n) = 14*n**3 + 4*n**2 + 7*n - 26. Calculate y(2).
116
Let o(z) = 2417*z + 2395. Determine o(-1).
-22
Let t(g) = 2*g**2 - 135*g - 178. Give t(69).
29
Let g(j) = j**2 - 2*j - 366. Determine g(-19).
33
Let v(a) = 4*a**2 - 98*a + 199. Calculate v(20).
-161
Let y(i) = -293*i**2 - 82*i. Give y(-1).
-211
Let s(a) = -a**3 - 10*a**2 - 50*a - 393. Give s(-9).
-24
Let h(l) = -69*l - 1046. Determine h(-17).
127
Let r(v) = 1163*v + 33717. Determine r(-29).
-10
Let k(p) = -3*p**2 - 159*p + 474. What is k(3)?
-30
Let y(q) = -18*q + 13. Calculate y(-6).
121
Let q(g) = 579*g + 1187. What is q(-2)?
29
Let l(f) = -2*f**2 + 41*f - 96. What is l(19)?
-39
Let n(d) = -40*d**3 - 10*d**2 - 6*d + 5. Calculate n(-1).
41
Let c(t) = 30*t**3 - t**2 + 6*t + 8. Give c(-1).
-29
Let p(f) = -f**2 + 25*f + 238. Give p(34).
-68
Let l(w) = -w**2 + 24*w + 704. Determine l(-16).
64
Let h(k) = -2*k**3 - 116*k**2 - 6*k - 344. Determine h(-58).
4
Let t(d) = 3*d - 88. What is t(25)?
-13
Let z(n) = -11098*n - 77694. Give z(-7).
-8
Let w(a) = -4*a - 78. What is w(-19)?
-2
Let m(u) = 83*u + 11. Determine m(0).
11
Let t(n) = 6*n**2 - 38*n - 12. What is t(6)?
-24
Let i(t) = -18*t**2 + 508*t + 49. Give i(28).
161
Let c(l) = 8*l**3 - 7*l**2 + l + 13. Calculate c(-2).
-81
Let u(n) = -n**3 + n**2 + 2*n + 385. Give u(0).
385
Let d(s) = -8*s**2 + 1110*s + 274. Determine d(139).
-4
Let j(v) = -600*v - 3781. Determine j(-6).
-181
Let y(t) = -t**3 + 12*t**2 + 7*t + 254. Determine y(14).
-40
Let j(h) = 118*h - 6136. Determine j(52).
0
Let d(p) = 2649*p + 21192. Calculate d(-8).
0
Let h(s) = -3*s**2 + 2. What is h(1)?
-1
Let n(w) = -2*w**2 - 183*w + 874. Determine n(-96).
10
Let h(y) = -225*y + 5396. Give h(24).
-4
Let q(j) = j**3 + 10*j**2 + 5*j + 6. Determine q(-4).
82
Let m(a) = a**2 - 6*a - 32. Give m(15).
103
Let p(t) = -351*t + 8099. What is p(23)?
26
Let o(g) = -106*g - 1014. Give o(-10).
46
Let k(p) = 205*p + 613. What is k(-3)?
-2
Let k(d) = -d**2 + 9*d + 1390. What is k(42)?
4
Let o(h) = -2*h**3 + 20*h**2 + 11*h - 252. What is o(5)?
53
Let u(p) = -p**2 - 266*p - 525. Calculate u(-2).
3
Let i(o) = -o**3 - 25*o**2 - 57*o + 4. Give i(-22).
-194
Let r(p) = p**3 + 22*p**2 + 28*p + 210. What is r(-21)?
63
Let v(n) = -146*n - 13077. What is v(-89)?
-83
Let b(w) = -2*w**3 - 15*w**2 - 9*w - 9. What is b(-7)?
5
Let f(g) = g**2 - 85*g - 456. What is f(-5)?
-6
Let v(u) = -4*u**3 + 2*u**2 - 179*u + 177. What is v(1)?
-4
Let w(l) = -3*l**2 + 48*l - 143. Give w(13).
-26
Let o(v) = -522*v + 3142. Give o(6).
10
Let i(y) = -11*y**2 - 883*y - 232. Determine i(-80).
8
Let z(i) = -155*i + 5091. Give z(33).
-24
Let j(v) = v**3 - 7*v**2 - 91*v + 32. What is j(-7)?
-17
Let j(m) = -562*m - 1698. Calculate j(-3).
-12
Let w(r) = -2*r**3 - 82*r**2 + 80*r - 167. Calculate w(-42).
1
Let z(o) = 18815*o + 263405. What is z(-14)?
-5
Let a(m) = -m**3 + 4*m**2 - 44*m + 376. Give a(8).
-232
Let f(m) = 5*m + 27. Determine f(3).
42
Let t(j) = 849*j + 2543. Give t(-3).
-4
Let k(w) = w**2 - 4*w - 564. Determine k(-22).
8
Let w(k) = -11*k**3 + 6*k**2 - 4*k + 1. What is w(2)?
-71
Let w(q) = q**3 + 124*q**2 - 257*q - 640. What is w(-126)?
-10
Let q(i) = -i**3 - 61*i**2 + 125*i - 32. Give q(-63).
31
Let v(r) = r**3 + 18*r**2 - 944*r - 36. Give v(-41).
5
Let l(b) = 17*b**3 - 154*b**2 + 17*b - 76. Calculate l(9).
-4
Let i(g) = 22*g + 1001. Calculate i(-47).
-33
Let x(s) = -s**3 - 13*s**2 - s + 46. Calculate x(-12).
-86
Let h(j) = -j**2 - 1187*j - 7092. Determine h(-6).
-6
Let y(a) = a**3 + 19*a**2 - 20*a + 9. Calculate y(-20).
9
Let o(a) = -8*a**2 - 11*a + 217. Give o(-7).
-98
Let p(z) = 60*z + 263. Give p(-6).
-97
Let f(v) = 2*v**3 - 26*v**2 + 21*v + 40. Calculate f(12).
4
Let k(t) = -t + 112. Calculate k(28).
84
Let q(b) = 31*b - 156. What is q(5)?
-1
Let q(u) = -10*u**2 + 1650*u + 1649. Determine q(-1).
-11
Let d(u) = u**3 + 47*u**2 - 151*u + 7. Calculate d(3).
4
Let h(r) = 5*r**3 + 40*r**2 - 142*r + 16. Calculate h(-11).
-237
Let n(v) = -v**3 - 35*v - 206. What is n(-4)?
-2
Let m(j) = 1516*j + 12125. Determine m(-8).
-3
Let d(u) = -u**2 + 6*u + 114. Determine d(16).
-46
Let z(y) = y**2 + 73*y - 8566. Calculate z(-136).
2
Let x(j) = j**3 + 27*j**2 - 5*j - 134. Give x(-27).
1
Let z(n) = -20*n + 43. Calculate z(2).
3
Let f(z) = 2*z**3 + 22*z**2 - 253*z - 20. Determine f(-18).
-2
Let n(u) = 2*u**2 - 126*u + 765. Give n(7).
-19
Let r(b) = -2*b**3 + b**2 - 5*b - 18. Give r(-7).
752
Let v(q) = 478*q**3 - q**2 - 6*q - 4. Calculate v(-1).
-477
Let x(q) = 2*q**2 + 263*q - 1886. Determine x(7).
53
Let z(g) = -g**3 - 20*g**2 + g + 34. What is z(-20)?
14
Let o(s) = s**2 + 108*s - 19265. Give o(95).
20
Let b(g) = -g**2 + 2652*g - 18510. Calculate b(7).
5
Let g(f) = -f + 91. What is g(25)?
66
Let c(q) = q**2 + 29*q - 126. What is c(4)?
6
Let z(s) = 2*s**2 + 54*s + 128. What is z(-24)?
-16
Let p(f) = 21*f**3 - 3*f**2 + 29*f + 61. What is p(-2)?
-177
Let g(o) = -2*o**3 - 11*o**2 - 17. Calculate g(-5).
-42
Let b(u) = u**2 - 17*u - 249. Determine b(38).
549
Let h(y) = 99*y - 835. What is h(9)?
56
Let g(y) = y**3 + 32*y**2 + 211*y + 27. Determine g(-9).
-9
Let y(b) = b**3 - 6*b**2 + 11*b + 7. What is y(5)?
37
Let z(c) = -9*c**2 - 357*c - 117. Determine z(-42).
-999
Let a(l) = -10*l**2 - 6*l + 15. What is a(-6)?
-309
Let b(f) = 2*f**2 - 27*f + 78. Give b(5).
-7
Let h(v) = v**3 + 7*v**2 + 40*v + 152. Give h(-5).
2
Let p(n) = -n**2 - 48*n + 723. Calculate p(12).
3
Let h(y) = -63*y + 15. Give h(2).
-111
Let x(m) = -m**3 + 27*m**2 + 42*m + 138. Give x(28).
530
Let y(p) = -6*p**2 + 96*p - 277. Determine y(18).
-493
Let g(z) = 89*z - 705. Determine g(8).
7
Let q(p) = 188*p**2 - 34*p - 72. Give q(-2).
748
Let i(c) = c**2 + 138*c + 1366. Determine i(-11).
-31
Let a(q) = q**3 + 80*q**2 - 211*q - 75. Give a(3).
39
Let b(q) = -148*q - 33. Calculate b(1).
-181
Let u(j) = -70*j**2 - 3086*j - 279. Determine u(-44).
-15
Let s(y) = 4*y**2 - 64. What is s(-6)?
80
Let b(k) = -39*k + 768. What is b(20)?
-12
Let i(y) = y**2 + 46*y + 68. Give i(-45).
23
Let s(b) = -13*b - 338. Calculate s(-24).
-26
Let n(h) = 2*h**3 + 6*h**2 + 302*h + 1224. Calculate n(-4).
-16
Let m(x) = 76*x - 3497. What is m(46)?
-1
Let p(x) = -43*x - 399. Determine p(-9).
-12
Let g(p) = -253*p + 1011. What is g(4)?
-1
Let y(o) = o**2 + 26*o - 58. Determine y(-29).
29
Let v(h) = 38*h**2 + 129*h - 94. Give v(-4).
-2
Let l(c) = c**3 - 10*c**2 + 8*c - 30. Calculate l(5).
-115
Let u(z) = 36*z + 1547. Calculate u(-43).
-1
Let w(j) = -j**2 + 35*j - 185. Give w(5).
-35
Let o(k) = -17*k - 178. Determine o(-6).
-76
Let p(s) = -2431*s + 9722. What is p(4)?
-2
Let f(r) = 2*r**2 - 26*r - 35. Give f(16).
61
Let i(z) = 5*z**2 + 34*z + 20. What is i(-3)?
-37
Let t(f) = 238*f - 343. What is t(2)?
133
Let a(j) = -85*j**2 - 596*j + 8. Calculate a(-7).
15
Let y(b) = 154*b + 2317. What is y(-15)?
7
Let d(q) = -17*q**2 - 27*q - 134. Give d(-7).
-778
Let m(p) = -p**3 - 23*p**2 - 75*p + 39. What is m(-19)?
20
Let b(j) = 311*j + 2805. Give b(-9).
6
Let l(t) = t**2 - 18*t - 2316. Determine l(58).
4
Let a(y) = -320*y + 5093. Give a(16).
-27
Let y(f) = 193*f + 141. Calculate y(-3).
-438
Let d(b) = -2*b**3 + 4*b**2 + 21*b - 64. Give d(3).
-19
Let a(r) = 2958*r + 11883. Calculate a(-4).
51
Let j(o) = 15*o**3 + 2*o**2 - 2. What is j(-2)?
-114
Let 